 = 243 + -169. What is the tens digit of (5 - 5) + t/1?
7
Suppose -34179 - 14765 = -46*q. What is the thousands digit of q?
1
Let w be (-12)/(-5) - 6/(-10). Suppose -w*p = -108 + 15. What is the tens digit of p?
3
Suppose 10 = 5*g - 3*y, 0*g - 3*g + 5*y = 10. Let q = -65 + 91. Suppose g*x - 124 - q = 0. What is the units digit of x?
0
Let v(x) = -12*x + 2*x + 38*x - 13 + x. What is the tens digit of v(3)?
7
Suppose -a + 5*o = -137, 5*o + 733 = 5*a + 4*o. Let y = a + -84. What is the units digit of y?
3
Let p(c) = 46*c**2 - 7*c. Let o(w) = 69*w**2 - 10*w. Let b(f) = 5*o(f) - 7*p(f). Let j be b(-1). Suppose -j*l + 28*l = 188. What is the tens digit of l?
4
Let b(x) be the second derivative of 19*x**3/6 + x**2 - 2*x. Let a be b(1). Suppose 2*t + 7 + 29 = 5*f, t + a = 3*f. What is the units digit of f?
6
Let j be (35 + -1)/(10 - 12). Let r = 19 - j. What is the tens digit of r?
3
What is the thousands digit of (-40)/12*4458/(-5)?
2
Suppose 23 = -x + 5. Let b be (-318)/x + (-4)/6. What is the units digit of b/(-3 - (-7)/2)?
4
Let b be (-2 - -1 - -1)/(-1) - 222. What is the units digit of (-1 - (-3)/9)/(4/b)?
7
Let g = -223 + 404. Let r = g + -82. Suppose 5*i = -4*s + r, i - 24 = 2*s - 3*s. What is the units digit of s?
1
Suppose 5*t + 15 = -5*g, 0 = -t - 4*t - 2*g. Suppose -405 = 5*b - 15. What is the units digit of t + b/(-3) + -4?
4
Suppose 8*k = 2636 + 21236. What is the thousands digit of k?
2
Let a(w) = -w**2 - 11*w + 6. Suppose -5*h - 105 = -5*o, 1 = -3*o + 2*o. Let p be (h/4)/(1/2). What is the units digit of a(p)?
6
Suppose -260 = -z - 67. Suppose 0 = 5*t - z + 38. Let a = 52 - t. What is the units digit of a?
1
Suppose -r = -y - 641, 0 = -2*r + 3*y + 75 + 1203. What is the tens digit of r?
4
Suppose 0 = -5*s + 4*l + 6005, 2*l + 3601 = -2*s + 5*s. What is the tens digit of s?
9
Let q = -3365 + 4981. What is the thousands digit of q?
1
Let q(o) = -3*o**2 + 9*o - 17. Let k(f) = 13*f**2 - 37*f + 68. Let a(r) = -2*k(r) - 9*q(r). What is the units digit of a(8)?
5
What is the tens digit of 15/5 + 3 - -74?
8
Let c = 14229 - 9915. What is the thousands digit of c?
4
Let y(x) = 178*x + 113. What is the hundreds digit of y(5)?
0
Let l(y) = y**2 + 6*y - 10. Suppose 0 = -2*r - 2*m - 12, 2*r = 3*r - 5*m + 6. Let a be l(r). Let p = a + 23. What is the units digit of p?
3
Let s(o) = -o**3 - 13*o**2 + 12*o - 19. Let p be -1*2 + 18 + -30. What is the units digit of s(p)?
9
Let a(r) = -r**3 + 48*r**2 + 70*r - 116. What is the units digit of a(49)?
3
Let g be 6 + (-1)/((-2)/4). Let u = g - 20. Let i = u + 17. What is the units digit of i?
5
Suppose 19*h + 48*h - 171788 = 0. What is the units digit of h?
4
Suppose 78*p - 10711 = 20723. What is the units digit of p?
3
Let q(x) be the third derivative of 23*x**7/420 + x**4/24 - 2*x**3/3 + 4*x**2. Let d(b) be the first derivative of q(b). What is the units digit of d(1)?
7
Let s(w) be the first derivative of -w**3/3 + 9*w**2 - 34*w + 20. What is the units digit of s(12)?
8
Let o(b) = b**2 - 12*b - 7. Let p be (-3 - -2)/((-3)/39). Let f be o(p). Suppose -f*v = 3 - 27. What is the units digit of v?
4
Let k(r) be the second derivative of r**4/4 - 5*r**3/3 + 59*r**2/2 + 21*r. What is the units digit of k(7)?
6
Let d = -10 - -25. Suppose -4*j + d + 1 = 0. Suppose 0 = -4*h - j, -2*h = 2*f + h - 47. What is the units digit of f?
5
Suppose 2*a = -4*f + 8, -5 = -2*f - 4*a - 1. Suppose i - 130 = -3*v + f*i, i = -2*v + 85. What is the tens digit of v?
4
Let o = -118 + -115. Let n = o + 366. What is the tens digit of n?
3
Suppose -5*k + 5*r - 10*r + 5875 = 0, -3*r - 4735 = -4*k. What is the hundreds digit of k?
1
Let q(h) = -h**3 + 10*h**2 - 18*h + 15. Let r be q(8). What is the units digit of -7 + 5 + r + 251 - 1?
7
Let i = 556 - 238. Suppose 5*b - i = m, -2*b + 3*m + m + 138 = 0. What is the tens digit of b?
6
Let k(h) = -h**2 + 8*h + 23. Let x be k(10). Suppose -o - x = -55. What is the units digit of o?
2
Let j(s) = 3*s**2 - s - 3. Suppose -23 + 3 = 2*h. Let f be 60/(-14) + h/(-35). What is the units digit of j(f)?
9
Suppose -3*d + 3*n = -150, 2*d + n - 94 = -6. What is the units digit of d?
6
Suppose 3*h - 7*j = -12*j + 8664, 0 = -4*h + 3*j + 11581. What is the thousands digit of h?
2
Let i(j) = j + 7. Let f be i(-5). Suppose -6 = -y - f*g + 36, 4*g = -y + 36. Suppose 36 = -c + 4*c + 2*s, 4*c + 2*s = y. What is the units digit of c?
2
What is the tens digit of (110/25)/(7/140)?
8
Let f(p) = -18*p**3 + 7*p**2 + 8*p + 9. What is the thousands digit of f(-4)?
1
Suppose -6*b - 641 = -7*b. What is the units digit of b?
1
Suppose -w = -4 + 2. Suppose -4*x + 5*s - 4 = -5*x, -w*x = 5*s - 8. Suppose 4 = 4*t, -2*n - x*t + 74 = 8. What is the tens digit of n?
3
Let a be (3/(-2))/(-1*(-9)/(-12)). What is the tens digit of (8/6)/(-2)*-27*a?
3
Suppose 0*g = -7*g + 994. What is the tens digit of g?
4
Let c = 44 + -44. Suppose 5*b + c*b = 255. What is the units digit of b?
1
Let b(u) be the second derivative of 3*u**5/10 - u**4/4 + 2*u**3/3 - u**2 - 11*u. What is the tens digit of b(2)?
4
Let z = -71 - -105. Let m(a) = 3*a - 2. Let j be m(2). Suppose 0 = -2*r + j + z. What is the tens digit of r?
1
Let t be 1/(2/2) - (6 - 2). What is the tens digit of t/18 - ((-337)/6 - 2)?
5
Suppose 0 = 2*p - 2*d - 2430, 34*d - 33*d = 3. What is the hundreds digit of p?
2
Suppose -1 = -2*p - 5. What is the units digit of (-27 + 1)/(-1) + p?
4
Suppose b + 3906 = 7*b. Let z = -439 + b. What is the tens digit of z?
1
Suppose 2*u - 99 = 3*h, -6*h - 2*u - 25 = -5*h. Suppose b + 0*t + 3*t - 4 = 0, -3*t + 24 = 3*b. Let l = b - h. What is the units digit of l?
1
Suppose 2*u + 2*v = 6, -3*v = 2*u + 1 - 2. Let l = -6 + u. Suppose 5*q - w = 113, 6*q - 98 = l*q - 3*w. What is the tens digit of q?
2
Suppose -20 = -117*k + 112*k, -5*k = 4*a - 16288. What is the thousands digit of a?
4
Let b(x) = 2*x**3 - 15*x**2 + 6*x + 7. Let w be b(7). Suppose -4*s + s + 333 = w. What is the tens digit of s?
1
Suppose 20 = 2*i - 14. Suppose 23 = 4*c - i. What is the tens digit of c?
1
What is the tens digit of -7 + 1 + (-3608)/(-2)?
9
Suppose -4968 = -122*k + 110*k. What is the hundreds digit of k?
4
Let m = -60 - -65. Suppose -m*w + 733 = -v + 3*v, 0 = -5*w + 3*v + 738. What is the units digit of w?
7
Let z(p) be the first derivative of -10*p**3/3 + p**2/2 + 4*p - 3. Let x(t) be the first derivative of z(t). What is the units digit of x(-1)?
1
Let n(i) = -i**3 - 6*i**2 + 6*i - 5. Let d be n(-7). Suppose 2*j + d = 46. Let q = -1 + j. What is the units digit of q?
1
Let c = 3 + -1. Let a = -475 + 479. Suppose 3*x + c*x - 4*y = 167, -2*y + a = 0. What is the units digit of x?
5
Let y(x) = 14*x + 1. Let u be y(1). Let g(p) be the third derivative of -p**6/120 + p**5/4 + p**4/24 + p**3/6 - 17*p**2. What is the tens digit of g(u)?
1
Suppose 5*f = 22 + 238. What is the units digit of f?
2
Let h(w) = 2*w**2 - 125 + 8*w**3 - 5*w**2 + 126. Let c be h(1). Let u(j) = 2*j. What is the units digit of u(c)?
2
Suppose -374*y + 375*y = 2365. What is the thousands digit of y?
2
Let j(v) = -5*v - 6. Let p(d) = -4*d - 5. Let g be 3/((-4)/((-32)/(-6))). Let c(h) = g*p(h) + 3*j(h). What is the tens digit of c(8)?
1
Let h = -15 - -17. Suppose 4 = -3*d + 5*x - 1, -2*x = -2*d - h. Suppose -3*f + 0*f + 15 = d. What is the units digit of f?
5
Let x be 11 - (0 - 1)*-3. Let j(c) = -8*c. Let n be j(-3). Suppose n = 2*v + x. What is the units digit of v?
8
Suppose 0 = -3*u + 2*u - 3, 4*w - 3*u - 29 = 0. Suppose 0*n - 134 = -x - 4*n, w*n = -20. What is the units digit of 1970/x - 2/15?
3
Let t = 50 - 70. Let f = -10 + 49. Let m = f + t. What is the units digit of m?
9
Let p be 5 + -7 + (-5)/(-1). Let d = 6 - p. Suppose d*m + 0 - 53 = h, 0 = 3*m + 5*h - 23. What is the units digit of m?
6
Let i = 321 + 274. What is the hundreds digit of i?
5
What is the tens digit of (-2)/(-4 + (-5)/1070 + 4)?
2
Let m(p) = 14*p + 24. What is the tens digit of m(27)?
0
Let o = -27 + 42. Let y(k) = -k + 20. Let s be y(o). Suppose 33 = s*t - 57. What is the units digit of t?
8
Let b(w) = 177*w + 110. What is the units digit of b(5)?
5
Let n(j) = 7*j**2 - 20*j + 52. What is the thousands digit of n(19)?
2
Let y(c) be the first derivative of c**3/3 + 3*c**2/2 + 3*c + 1. Let u be y(3). Suppose u = -0*q + q. What is the units di